 is -2 - -2310588?
2310586
In base 9, what is 0 - -105747178?
105747178
In base 11, what is -78666 - -a94?
-77682
In base 9, what is 40 + -470763?
-470723
In base 12, what is -2 + -a5290a6?
-a5290a8
In base 16, what is -8 - -b78fa?
b78f2
In base 12, what is 1a06b + -1437?
18834
In base 2, what is 1110010 - 1110000101100111010?
-1110000101011001000
In base 14, what is 25aa63 + -18c?
25a8b5
In base 5, what is -10330231 - -34003?
-10241223
In base 2, what is 11100010 + -11001011010?
-10101111000
In base 5, what is -110 + -13304002?
-13304112
In base 7, what is -1 - 3033022664?
-3033022665
In base 2, what is -1111000011110101110111 + -1001?
-1111000011110110000000
In base 8, what is 30215443 - -1?
30215444
In base 16, what is -37 + af20e?
af1d7
In base 10, what is -2503286 - 12?
-2503298
In base 3, what is 21 + -11210122121110?
-11210122121012
In base 15, what is 5b7742 + 5?
5b7747
In base 7, what is -12416 - -1651?
-10435
In base 4, what is -11123012310 + -20202?
-11123033112
In base 12, what is 5861028 + -1?
5861027
In base 10, what is 321 + -57439?
-57118
In base 2, what is 11 - 101110010111100101100011?
-101110010111100101100000
In base 5, what is -244100201141 + 3?
-244100201133
In base 7, what is 6000553 + -10?
6000543
In base 7, what is 24206363550 - -3?
24206363553
In base 7, what is -31 + -135202516?
-135202550
In base 7, what is -5 - 140320114?
-140320122
In base 5, what is 10 - -413141130?
413141140
In base 10, what is 6 - 137955539?
-137955533
In base 2, what is 1000 + 1101111010001110110110?
1101111010001110111110
In base 15, what is 29d62 + b1d?
2a980
In base 5, what is -24 - 204002010?
-204002034
In base 14, what is 2ac42 - 68?
2abb8
In base 16, what is -2b22e6 - 1a?
-2b2300
In base 13, what is a12878 + -2a?
a1284b
In base 12, what is 1 - -8b6990?
8b6991
In base 15, what is -162d + -349a?
-4ac8
In base 10, what is -23 + 3080365?
3080342
In base 10, what is 2977 - -16268?
19245
In base 16, what is -2 + -3452a3?
-3452a5
In base 8, what is 4 + -1032534435?
-1032534431
In base 9, what is -2 - 251443235?
-251443237
In base 6, what is -52013020 + 440?
-52012140
In base 6, what is 312503035 - -12?
312503051
In base 16, what is 1629e0 - c?
1629d4
In base 5, what is -13 - 3340143?
-3340211
In base 2, what is -1101011010011111100 - 101?
-1101011010100000001
In base 15, what is 848453 - 5?
84844d
In base 2, what is -1100100011 + 10100111011010?
10011010110111
In base 5, what is 0 + -213240013?
-213240013
In base 6, what is -51313231 + 30?
-51313201
In base 11, what is -2 + -5175524?
-5175526
In base 3, what is -122211112011211 + 120?
-122211112011021
In base 9, what is -484303877 + -3?
-484303881
In base 12, what is -11942927 + -3?
-1194292a
In base 7, what is 30 + -10106121?
-10106061
In base 7, what is 361423256 + -3?
361423253
In base 14, what is -20a2 - -49907?
47845
In base 11, what is 368432 - -41a?
368851
In base 2, what is 10000011111 + 1010101111?
11011001110
In base 11, what is -15a705 - 1?
-15a706
In base 15, what is 5 + -58cd5d1?
-58cd5cb
In base 11, what is -5 + 188694a1?
18869497
In base 3, what is -101210 - -212220?
111010
In base 9, what is 4533 - 50621?
-45077
In base 13, what is -1b - -8b9277?
8b9259
In base 9, what is -355 + 15535?
15170
In base 9, what is -3 - -15530785?
15530782
In base 12, what is -6638126 - -4?
-6638122
In base 10, what is 29347 + -3171?
26176
In base 10, what is 9409208 - -24?
9409232
In base 8, what is 16700363 - -127?
16700512
In base 4, what is 11 - 12213022320?
-12213022303
In base 15, what is -2a8 - -205b0?
20307
In base 4, what is 3210113 - -2010013?
11220132
In base 7, what is -3 + -5214244330?
-5214244333
In base 7, what is 41542 + -13521?
25021
In base 5, what is -20 - 40432412?
-40432432
In base 3, what is -121022 - 22012001?
-22210100
In base 12, what is -b + -13a757?
-13a766
In base 8, what is 1765506 - -31?
1765537
In base 3, what is 2100 + -111211011202?
-111211002102
In base 2, what is -11 + 10101010000010101011011?
10101010000010101011000
In base 8, what is -244514 - 10?
-244524
In base 4, what is -111102 - 13320103?
-20031211
In base 2, what is -1000110100101101 - 10100011111001?
-1011011000100110
In base 14, what is 1069 + -a42d?
-93a4
In base 7, what is -520400 + -151?
-520551
In base 8, what is -123 + -107011?
-107134
In base 13, what is 10 - a2ab0?
-a2aa0
In base 16, what is -394 - -68e8e?
68afa
In base 10, what is -18362 - 1063?
-19425
In base 4, what is 2 - -31133133103221?
31133133103223
In base 4, what is 0 + 320222021010?
320222021010
In base 11, what is 5a20317 + 6?
5a20322
In base 12, what is 816 + 521b?
5a35
In base 3, what is 111222 - 10210110200?
-10202221201
In base 9, what is -1464 + -8658?
-11233
In base 7, what is 13111355 - -401?
13112056
In base 15, what is 1c + 4142a?
41447
In base 15, what is 13 + -4ce67?
-4ce54
In base 10, what is 3186040 - -10?
3186050
In base 2, what is 101010101 - -11110011000001101?
11110011101100010
In base 10, what is -729964 + 167?
-729797
In base 3, what is -1220211001000221 + -12?
-1220211001001010
In base 2, what is 1 - -1010000011011000111101100?
1010000011011000111101101
In base 14, what is 4 + -59dd1?
-59dcb
In base 10, what is -1245 + 25932?
24687
In base 4, what is 100020 - -12123?
112203
In base 6, what is 3335300 + -303?
3334553
In base 6, what is -4 + -25410541?
-25410545
In base 13, what is b361 - -15c0?
c951
In base 15, what is 2 - 9cc390d?
-9cc390b
In base 9, what is 228 + -3731?
-3502
In base 12, what is -3 - -104ab09a?
104ab097
In base 7, what is -302245301 - -2?
-302245266
In base 8, what is -100257 - -671?
-77366
In base 16, what is -2cf3020 + -5?
-2cf3025
In base 5, what is 10240431301 + -3?
10240431243
In base 12, what is -3a117 - 60?
-3a177
In base 16, what is -88cf - -59?
-8876
In base 16, what is 1 - -4a8f70?
4a8f71
In base 7, what is -142420450 + -2?
-142420452
In base 10, what is -427 + 270715?
270288
In base 8, what is -5144502 - -13?
-5144467
In base 7, what is -4 - -1350015?
1350011
In base 6, what is -203024035 - -5?
-203024030
In base 15, what is 8 + 3621e?
36227
In base 5, what is -122343401 - 23?
-122343424
In base 7, what is -12 - -103124311?
103124266
In base 10, what is 623216 - -8?
623224
In base 14, what is 1 - 4d55d2?
-4d55d1
In base 2, what is -10101011001010001110000101010 + -1?
-10101011001010001110000101011
In base 11, what is -a00 - -2210?
1310
In base 7, what is -61 + 115115145?
115115054
In base 7, what is -21 + -4555160?
-4555211
In base 10, what is 25201 - 2156?
23045
In base 6, what is -450322552 - -5?
-450322543
In base 8, what is -2 - 206250237?
-206250241
In base 15, what is dd + -48865?
-48777
In base 14, what is -3cbd44 - -4?
-3cbd40
In base 9, what is 4 + -32772202?
-32772187
In base 7, what is 23 + 2466646?
2500002
In base 5, what is 12110334140 + 4?
12110334144
In base 16, what is 3 + -142f03?
-142f00
In base 6, what is 2421234 + -12?
2421222
In base 9, what is 31088835 + -1?
31088834
In base 7, what is 4615052551 - 1?
4615052550
In base 14, what is 65 + -adaab?
-ada46
In base 16, what is -3d0068f0 + -1?
-3d0068f1
In base 5, what is -10 + -3442224120?
-3442224130
In base 5, what is 3134244 + 221442?
3411241
In base 3, what is 2112210 + 10200021110?
10202211020
In base 11, what is -668010 - -277?
-667844
In base 10, what is -4 - -3026522?
3026518
In base 11, what is -1931105 - 7a?
-1931184
In base 5, what is 100 + -130441303?
-130441203
In base 6, what is -435353535 - -141?
-435353354
In base 11, what is -370 - 2a827?
-30097
In base 9, what is 0 - 1701683?
-1701683
In base 4, what is 1111333023022 - 10?
1111333023012
In base 14, what is -3c + 1bc9c?
1bc60
In base 16, what is 159 - 52?
107
In base 11, what is 2 - -452aaa73?
452aaa75
In base 13, what is -80a101 - 39?
-80a13a
In base 12, what is 110 + -20435?
-20325
In base 11, what is -445 - -16995?
16550
In base 2, what is 1001100000111000100101111010 + 10?
1001100000111000100101111100
In base 2, what is -1010011001100 - -1110011001100?
100000000000
In base 15, what is -29d851 - -15?
-29d83b
In base 8, what is 473 - 20610?
-20115
In base 14, what is 2d + 1a679?
1a6a8
In base 13, what is -423 - -45b37?
45714
In base 7, what is -15344 - 12255?
-30632
In base 7, what is 1404 + -30260?
-25553
In base 12, what is 1 - 9613862?
-9613861
In